is -5 + 107?
102
In base 3, what is 2 - 110211?
-110202
In base 16, what is -1 + 25d?
25c
In base 11, what is -1 + 4077?
4076
In base 8, what is 155 + -1?
154
In base 6, what is 300 + 3?
303
In base 8, what is -1 - -1034?
1033
In base 11, what is 4 - -155a?
1563
In base 12, what is 27 + 22?
49
In base 9, what is 114 - 27?
76
In base 14, what is 21aa + -2?
21a8
In base 14, what is -1 + b1?
b0
In base 8, what is 726 - 4?
722
In base 11, what is -16 + -180?
-196
In base 8, what is -725 + 4?
-721
In base 14, what is -93 + -10?
-a3
In base 9, what is 10 + 157?
167
In base 4, what is 203220 + -1?
203213
In base 8, what is -5 + -212?
-217
In base 10, what is -5 + 199?
194
In base 16, what is -90 + 10?
-80
In base 15, what is 6e + 6?
75
In base 5, what is -222 - 131?
-403
In base 5, what is 0 + -12?
-12
In base 6, what is -23224 + -3?
-23231
In base 4, what is -1221221 - -11?
-1221210
In base 10, what is -207 - -5?
-202
In base 13, what is -3 + -6a?
-70
In base 9, what is -13 - -832?
818
In base 2, what is 111000 + 11?
111011
In base 8, what is -607 - -4?
-603
In base 15, what is 21e - 2?
21c
In base 16, what is -70 - 10?
-80
In base 7, what is -25 - -615?
560
In base 5, what is 11020 + 10?
11030
In base 10, what is -1400 - -3?
-1397
In base 8, what is -5 + 647?
642
In base 11, what is -2 - -12?
10
In base 8, what is -5 + -120?
-125
In base 9, what is -121 + 18?
-102
In base 9, what is -2 + 23?
21
In base 13, what is -813 + 3?
-810
In base 13, what is 7c3 - 9?
7b7
In base 10, what is 933 - 4?
929
In base 3, what is -1001 - -20?
-211
In base 2, what is -100101111 + -101?
-100110100
In base 12, what is -4 - -57?
53
In base 12, what is -12 + -2?
-14
In base 12, what is 3 - -55?
58
In base 11, what is 4 + -109?
-105
In base 10, what is -1170 - 19?
-1189
In base 9, what is -4 + -858?
-863
In base 7, what is 0 + 1046?
1046
In base 2, what is 1000001 - -101?
1000110
In base 4, what is -11 + 1213?
1202
In base 13, what is 1 - -14?
15
In base 9, what is -2 - -67?
65
In base 6, what is -11 + -3115?
-3130
In base 8, what is 5 + 364?
371
In base 7, what is 143 - -105?
251
In base 7, what is -5 + -100?
-105
In base 7, what is 15 + -106?
-61
In base 16, what is -2 - -7c?
7a
In base 10, what is 2 + -201?
-199
In base 7, what is -145 + 3?
-142
In base 2, what is 11 - 101001?
-100110
In base 7, what is -1 - -33?
32
In base 16, what is 2c - 5?
27
In base 11, what is 2208 - 4?
2204
In base 8, what is 23 + 3?
26
In base 4, what is 0 - 31312?
-31312
In base 8, what is -1 + 42?
41
In base 5, what is 4 + -20?
-11
In base 9, what is -6 + 64?
57
In base 11, what is 5 - 9?
-4
In base 6, what is -14431 + 1?
-14430
In base 11, what is 13 + -5?
9
In base 6, what is 1 - 1452?
-1451
In base 11, what is 11 - -196?
1a7
In base 11, what is 71a + 1?
720
In base 15, what is 3 - 3b?
-38
In base 16, what is -6d + b?
-62
In base 13, what is 13 + -c?
4
In base 5, what is 210 - 2412?
-2202
In base 12, what is -29 + 4?
-25
In base 6, what is -14 - 13?
-31
In base 3, what is -21220 - 12?
-22002
In base 11, what is -17 - 130?
-147
In base 2, what is -1100 - 1000111?
-1010011
In base 4, what is 20 + -110?
-30
In base 14, what is -197 - -2?
-195
In base 8, what is -3 + 113?
110
In base 8, what is 44 - -4?
50
In base 6, what is -112 + 44?
-24
In base 10, what is 51 + 97?
148
In base 7, what is -1210 + 2?
-1205
In base 10, what is 3086 + 2?
3088
In base 13, what is -3 - -284b?
2848
In base 9, what is -283 - 14?
-307
In base 8, what is 62 - 2?
60
In base 15, what is 5 + d3?
d8
In base 7, what is -124 - 5?
-132
In base 2, what is 100 - -1101111?
1110011
In base 15, what is -4 - -15?
11
In base 12, what is -94 - 0?
-94
In base 10, what is 62 + 21?
83
In base 9, what is 5 - -455?
461
In base 16, what is -4 - 8?
-c
In base 13, what is -1246 + -5?
-124b
In base 9, what is 204 + 1?
205
In base 2, what is 11 - -10100?
10111
In base 8, what is 473 + -1?
472
In base 13, what is -2 + 13c?
13a
In base 15, what is -5 - -2c?
27
In base 8, what is -1 - -4636?
4635
In base 4, what is 1012 + 2011?
3023
In base 8, what is -5 - 1514?
-1521
In base 12, what is -4 - 353?
-357
In base 6, what is 5 - -1432?
1441
In base 5, what is 0 - 1324?
-1324
In base 8, what is 2162 + -5?
2155
In base 5, what is -4 - -10040?
10031
In base 6, what is -4 - -12?
4
In base 14, what is -69 - 2?
-6b
In base 2, what is -100111 + 100111?
0
In base 11, what is 148 + 6?
153
In base 11, what is -5 + a20?
a16
In base 13, what is 4 + 7?
b
In base 16, what is 1 + -28?
-27
In base 7, what is 20 + -1?
16
In base 4, what is 1032 + 1?
1033
In base 5, what is 14 - -31?
100
In base 8, what is 57 + 162?
241
In base 8, what is -5 + 35?
30
In base 13, what is -37b - 0?
-37b
In base 2, what is 11001000 + -11?
11000101
In base 6, what is 402 + 1?
403
In base 13, what is 4 - -64b?
652
In base 11, what is 113 + 4?
117
In base 10, what is -10 - 82?
-92
In base 8, what is -122 + -7?
-131
In base 9, what is -1 + 3364?
3363
In base 16, what is 429 + -2?
427
In base 5, what is -243300 + 1?
-243244
In base 3, what is -200100 + -102?
-200202
In base 4, what is 10 + -30300?
-30230
In base 4, what is 22 + 1103?
1131
In base 6, what is -1 + -34?
-35
In base 6, what is 44502 + 2?
44504
In base 7, what is -424 - -11?
-413
In base 3, what is 1201 - 0?
1201
In base 12, what is -6 + 86?
80
In base 3, what is 10 + 10111?
10121
In base 9, what is -266 - -6?
-260
In base 7, what is 5 - 15?
-10
In base 2, what is 101101 - -10111?
1000100
In base 15, what is -1 - -d7?
d6
In base 8, what is 24 + -112?
-66
In base 7, what is -14520 + -1?
-14521
In base 15, what is -6 - -2e?
28
In base 12, what is 2 + -b2?
-b0
In base 15, what is -1 + -12?
-13
In base 14, what is -13 - 19?
-2c
In base 6, what is -515 + -5?
-524
In base 7, what is 1024 - -4?
1031
In base 12, what is -205 - -2?
-203
In base 16, what is -6 + 8d2?
8cc
In base 13, what is -3 - 27?
-2a
In base 11, what is -69 - 7?
-75
In base 10, what is 42 + -15?
27
In base 9, what is -152 - 1?
-153
In base 5, what is 0 + -10?
-10
In base 2, what is -101 - 101010010?
-101010111
In base 5, what is 14 - 2110?
-2041
In base 10, what is 10 + 19?
29
In base 4, what is 113 - -32?
211
In base 8, what is 1 + 151?
152
In base 8, what is -5 + -263?
-270
In base 13, what is -248 - c?
-257
In base 10, what is 11 + 2?
13
In base 6, what is 2320 - 3?
2313
In base 13, what is 9 - b0?
-a4
In base 4, what is 10 - 20301?
-20231
In base 7, what is 4 + 3353?
3360
In base 7, what is -205 - 5?
-213
In base 3, what is -11112 + 111?
-11001
In base 10, what is 2782 - 2?
2780
In base 14, what is -19 + 6?
-13
In base 10, what is -2788 - -4?
-2784
In base 6, what is 1 - 2?
-1
In base 10, what is 73 - -67?
140
In base 5, what is -4 - -123?
114
In base 16, what is 27 - 27b?
-254
In base 4, what is -3323 + 11?
-3312
In base 6, what is -4 + -2004?
-2012
In base 12, what is 2764 + -1?
2763
In base 8, what is 0 - 10612?
-10612
In base 3, what is -1121120 - -1?
-1121112
In base 5, what is -23423 + -2?
-23430
In base 14, what is 3 + -75?
-72
In base 7, what is 14652 + -4?
14645
In base 6, what is 5 + -115?
-110
In base 14, what is -1c - 38?
-56
In base 14, what is -4 - -4b?
47
In base 2, what is 11 - 111111?
-111100
In base 6, what is -5133 + 1?
-5132
In base 7, what is -1 + -25543?
-25544
In base 4, what is 221 + -23?
132
In base 2, what is -11111 + 100?
-11011
In base 4, what is 3013 + 2?
3021
In base 10, what is -57 - 5?
-62
In base 12, what is 1 + 56b?
570
In base 9, what is -20 + 50?
30
In base 5, what is -3 + -244?
-302
In base 10, what is -2505 + -4?
-2509
In base 4, what is -11212123 - 0?
-11212123
In base 14, what is 52 + -30?
22
In base 11, what is 4 - 9?
-5
In base 12, what is 0 + -77?
-77
In base 9, what is -13224 - 2?
-13226
In base 10, what is 797 - 1?
796
In base 16, what is -2 - -133?
131
In base 5, what is -244 - 0?
-244
In base 5, what is 1301 - 1?
1300
In base 7, what is 13 + -33?
-20
In base 13, what is 1137 - 3?
1134
In base 10, what is -233 + -10?
-243
In base 16, what is 28 + d?
35
In base 4, what is -30 + 12?
-12
In base 10, what is 7 + -170?
-163
In base 14, what is -357 - 3?
-35a
In base 15, what is -7 + 1c?
15
In base 2, what is 1100 + -1010101110?
-1010100010
In base 10, what is 6 + 94?
100
In base 13, what is 36c - 3?
369
In base 9, what i